e 27/15 + (-2)/(-10). Suppose f*j = 2*g - 196, -3*g + 0*g - 5*j = -318. What is the hundreds digit of g?
1
Suppose 9*i - 5*i - 12 = 0. Suppose g - 10 = -g, 3*z - i*g = 6. Suppose o = 45 + z. What is the tens digit of o?
5
Let v(w) = w + 2. Let z be v(0). Let s(f) = 71*f**2 + 2*f + 4. Let l be s(-1). Suppose l = z*m - 15. What is the units digit of m?
4
Let m(y) = 38*y**2 + 23*y**2 - 908*y + 908*y. Suppose 5 = -o + 4*i, 2*o - 4*o + 2 = 4*i. What is the units digit of m(o)?
1
Suppose 8*r - 256 = 632. What is the tens digit of r?
1
Suppose 4*l - 8 = 5*y + 12, -y = -3*l + 4. Let q(t) = -t + 126. Let x be q(l). Suppose -4*p + 2*i + x = 0, -p + 4 = 2*i + 3*i. What is the tens digit of p?
2
Let p be (-8)/4*1 + -4. Let o(w) = -4*w**2 - 3*w - 10. Let a(h) = -h**2 - h - 1. Let q(z) = 3*a(z) - o(z). What is the units digit of q(p)?
3
Let d = 158 + -139. Let r(w) = w**2 - 18*w + 61. What is the tens digit of r(d)?
8
Suppose 2*b = 3*o + 2151, 2*b + 0*o - o = 2153. What is the thousands digit of b?
1
Let g be (-1 - 0) + 4 + 1278*-1. What is the units digit of (-8)/3*-1*g/(-50)?
8
Let x be (-1)/(((-20)/(-28))/5). Let f(r) = 2*r**2 + 7*r - 16. What is the tens digit of f(x)?
3
Let y be (15/6)/5*4. Suppose y*m - 322 = 14. Suppose 3*a = -v + 38 + 14, 4*v + 4*a = m. What is the units digit of v?
7
Let m(q) = -2*q + 7. Let c be m(5). Let t be (2 + -2)/((-2)/2). What is the units digit of (t - (3 + c)) + 30?
0
Let h be (-50)/6 + 4/(-6). What is the units digit of (2/(-7))/(h/63)?
2
Let b = -1381 + 3157. What is the hundreds digit of b?
7
Let s(w) = 1 - 4 - 3*w - 1 + 1. Let l be s(-5). Let t = 10 + l. What is the tens digit of t?
2
Let s be (-10 - 0)*5/(-25). Let f(v) = -8*v + 3 - s*v**2 + 4*v + 3*v**2 + v. What is the units digit of f(4)?
7
Let i(n) = 7*n. Let p(b) be the third derivative of b**4/12 + 17*b**3/6 + 3*b**2. Let y be p(-7). What is the tens digit of i(y)?
2
Suppose 3*j - 48 = -2*m + j, 0 = 5*m + 3*j - 126. What is the units digit of 3543/m - 14/63?
1
Suppose -211 + 790 = -3*v. Let j = -125 - v. What is the tens digit of j?
6
Suppose -2*g = -d + 13, -4*d + g = -3*d - 10. Let m(n) = n**3 - 1. Let a be m(1). Suppose -5*v + 142 - d = a. What is the tens digit of v?
2
Suppose -4*k + 144 = -0*a - 4*a, 0 = 3*k - 5*a - 114. Let j be (77/k)/(1/(-15)). Let s = 50 + j. What is the units digit of s?
5
Let t(h) = -h**2 - 56*h - 34. What is the tens digit of t(-17)?
2
Let i = 119 + 159. What is the hundreds digit of i?
2
Suppose 3*b = -15, 0*x - 2*b = -4*x + 2. Let d be x + (700 - 2)/1. What is the units digit of (-4)/(-18) + d/27?
6
Suppose 4*b = -5*o + 281, 4*o + 2*b - 6*b = 232. Let k be (-4)/(-8) + o/(-2). Let p = k - -47. What is the units digit of p?
9
Suppose -h - h - 9 = -f, -2*h + 3 = 3*f. Suppose -f*a - 2*b + 52 = -49, -2*b - 10 = 0. Suppose a + 8 = 5*m. What is the units digit of m?
9
Let t = 16 - 28. Let i be (114/(-4))/(t/32). Suppose -3*d + i = 2*r + d, 0 = -2*r + 2*d + 106. What is the units digit of r?
8
Let v = -8 - -7. Let a(f) = -4*f - 9*f + 2 - 3. What is the units digit of a(v)?
2
Let w(l) = 20*l + 31. What is the units digit of w(12)?
1
Suppose d + 3*d = b + 19074, -9526 = -2*d - 5*b. What is the hundreds digit of d?
7
Suppose -y - 3*y = -860. Let q = y + -122. What is the units digit of q?
3
Let r(g) = g**3 - 3*g - 2. Let c be r(-4). Let d = 22 + c. Let i = -23 - d. What is the units digit of i?
9
Let u be 15*(4 - 44/12). Suppose -4*c - 371 = -u*h, 2*h - 3*c = -0*h + 154. What is the units digit of h?
1
Suppose -25 = 11*m - 16*m. Suppose 15 = m*g, 5*q + 5 = -5*g + 70. What is the tens digit of q?
1
Let j = 13 + -11. Suppose -5*u = -j*z - 11, u + 4*z + 15 = 4*u. Let t(s) = 22*s**2 - s + 1. What is the tens digit of t(u)?
2
Let i(k) = -14*k**2 + 2*k - 14. Let a(w) = 15*w**2 - 3*w + 13. Let b(h) = -4*a(h) - 5*i(h). What is the units digit of b(-4)?
0
Suppose -4*y = -20, -g + 5*y = -527 - 166. What is the hundreds digit of g?
7
What is the units digit of 2/4*-1 + (-905)/(-10)?
0
Suppose y + 14 = 2*k + 4, 0 = 5*y + k + 94. Let g be y/(-12)*(-78)/9. Let z = g + 15. What is the units digit of z?
2
Suppose 0 = -5*m + 9*m - 20. Suppose -m*l = 3*z + 79 - 290, z - 89 = 3*l. What is the units digit of z?
7
Suppose -348 = -9*l + 6*l - q, 4*q = 3*l - 363. What is the tens digit of l?
1
Let b = 1345 + 280. What is the thousands digit of b?
1
Let o(v) = 533*v - 13. What is the tens digit of o(1)?
2
Suppose 32246 + 13234 = 30*q. What is the hundreds digit of q?
5
Let p(q) = 81*q**2 + 19*q - 52. What is the units digit of p(5)?
8
Suppose 5*m - 1 - 14 = 0. Suppose k + 7 = -3*w, 3*w - 2*w = -3. Suppose -73 + 13 = -d - 5*a, -k*d - m*a + 85 = 0. What is the units digit of d?
5
Suppose -5*o = -o. Suppose -i + 2*i = o. Suppose -23 = -3*u - 3*n + 25, i = -4*u + 2*n + 46. What is the units digit of u?
3
Suppose 116*x - 135*x = -20767. What is the tens digit of x?
9
Let k be -21 - -2 - (4 - 5). Let u = -61 - k. Let i = 60 + u. What is the tens digit of i?
1
What is the tens digit of (-1177 + -11 + -5)*(-4)/2?
8
Suppose -4*v - 86 = -2*k, -2*v - 166 = -2*k - 2*k. Let h = k - -21. What is the units digit of h?
2
Suppose 5 = -2*p - 3. Let b = 62 - p. What is the units digit of b?
6
Let p = -4674 + 8401. What is the units digit of p?
7
Let w(t) = -46*t**3 + t**2 - 2*t - 1. Let k be w(-2). What is the units digit of k*2/9*(-11 - -14)?
0
Suppose 2*x - 3*s = 2641, -23*x - 2*s + 1331 = -22*x. What is the thousands digit of x?
1
Let c be -4 + 12/2 + 2. What is the tens digit of 6930/238 - c/34?
2
Let y = -3 + 13. Let n be (-28)/(-5) - y/(-25). Let t(u) = -u + 7. What is the units digit of t(n)?
1
Suppose c - 445 = 2*t, 5*c + t - 1835 - 445 = 0. Suppose -2*x - 5*x + c = 0. What is the tens digit of x?
6
Let x = 96 + -101. Let c(d) = -d**3 - 3*d**2 + 3*d + 11. What is the tens digit of c(x)?
4
Suppose -2*n + 2 = 4*x - 0, 5*x + 4 = 4*n. Suppose 0 = -5*c - 15, 3*j + 5*c = -x*j + 114. What is the tens digit of j?
4
Let n = 2946 - 2009. What is the tens digit of n?
3
What is the thousands digit of 7 + (2873 - (4 - 10))?
2
What is the hundreds digit of 256*(-6 - 81/(-12))?
1
Suppose -38 = 3*w - 4*j, 5*w - w = 3*j - 46. What is the tens digit of (w/(-4))/(2/52)?
6
Let b be -13 - 4 - -4 - -4. Let a = b + 9. Suppose a = 4*c - 5*j - 225, -155 = -3*c + 3*j - 2*j. What is the tens digit of c?
5
Suppose o - 229 = -83. Suppose 5*x = o + 1254. Suppose -19*r - x = -24*r. What is the units digit of r?
6
Let w = -655 + 1475. Let k be w/36 - (-4)/18. Suppose 3*g = k + 37. What is the tens digit of g?
2
Let o = 103 + -105. What is the units digit of 1*31/o*-4?
2
Suppose 0 = -3*a + 14 + 1. Suppose -3 = -4*w - a*u, w + 3*u + 0 = -1. Suppose w*i - 52 = 28. What is the tens digit of i?
4
Suppose 2*c - 16*c = -28. Suppose z - 712 = c*g - 5*g, 5*g - 1220 = 5*z. What is the tens digit of g?
3
What is the hundreds digit of (6 - 5 - -531) + 3?
5
Suppose 6*s - 95172 = -22*s. What is the tens digit of s?
9
Let c be 13/(-2)*-2 + -3 + 3. Suppose 0 = g - c*g + 1020. What is the tens digit of g?
8
Let x be (9/(-6))/(6/(-12)). Suppose 146 = -x*d + 4*r, 0*r - 149 = 3*d - r. Let t = 89 + d. What is the units digit of t?
9
Suppose 0 = -0*h - h. Suppose s + 6 + h = 0. What is the units digit of s/2 - (2 + -12)?
7
Let b = -141 + 234. Suppose 6*v = 3*v + b. What is the tens digit of v?
3
What is the thousands digit of 6540*((-8)/(-3))/8?
2
Let z(u) = -6*u**2 - 192*u + 59. What is the hundreds digit of z(-29)?
5
Let o = -278 - -390. What is the units digit of o?
2
Suppose 4*m - 5*n = 1094, m - 12*n = -17*n + 286. What is the units digit of m?
6
Suppose 0 = -h + s + 37 + 534, 5*h + 2*s - 2855 = 0. What is the units digit of h?
1
Suppose -7*j + 4*j + 1302 = 0. Suppose -5*c + j = -351. What is the tens digit of c?
5
Let v(n) = -n**3 + 178. Suppose -30*z + 28*z = 0. What is the units digit of v(z)?
8
Let y = 22 - 7. Let s = 70 - y. What is the units digit of s?
5
Let k be 5/((-45)/12) - 42/9. What is the tens digit of k + 2 - (-21 + -115)?
3
What is the hundreds digit of 31/(-124) - 7433/(-4)?
8
Suppose -2*g + 35 = g - 5*q, g = -4*q - 11. Let h(t) = 7*t**2 - 2*t - 6. What is the tens digit of h(g)?
5
Let w = 4 + -2. Suppose -5*o = n - 30, -3*n = 3*o + w*o - 40. Suppose 5*p - o*z - 40 = 5, -2*p - 3*z = -33. What is the te